mmon divisor of 1011 and 400276131.
1011
What is the highest common divisor of 116907 and 10773?
399
Calculate the highest common factor of 17723 and 1188399.
479
What is the greatest common factor of 43 and 187912279?
43
Calculate the highest common divisor of 1122581 and 978.
163
Calculate the highest common factor of 8421755 and 111.
37
What is the highest common divisor of 18329700 and 420?
60
What is the highest common divisor of 2356600 and 64?
8
Calculate the greatest common factor of 12818412 and 16983.
27
Calculate the greatest common factor of 320241684 and 10899.
3633
What is the highest common divisor of 1883184 and 32?
16
What is the highest common divisor of 198645 and 174947?
697
Calculate the highest common divisor of 809094360 and 30.
30
Calculate the greatest common factor of 124424 and 1654960.
1208
What is the greatest common divisor of 17003602 and 2618?
154
Calculate the highest common factor of 649 and 6196003.
649
Calculate the highest common factor of 28469172 and 12.
12
What is the greatest common divisor of 107314794 and 28086?
906
What is the greatest common factor of 102 and 91472818?
34
Calculate the greatest common factor of 6329 and 2193333937.
6329
What is the highest common factor of 746358 and 3686?
38
Calculate the greatest common divisor of 3625 and 143080200.
725
What is the highest common factor of 242484 and 136940?
668
What is the highest common divisor of 39635379 and 6966?
1161
Calculate the greatest common divisor of 189448 and 358200.
1592
Calculate the greatest common factor of 2238 and 11682.
6
Calculate the greatest common factor of 13693310 and 3835.
295
What is the greatest common divisor of 6931022 and 318?
106
What is the highest common divisor of 291379 and 6699?
11
Calculate the greatest common divisor of 8185130 and 20.
10
What is the greatest common divisor of 24 and 80715432?
24
What is the highest common divisor of 970473335 and 260?
65
What is the greatest common divisor of 14098 and 11260274?
2014
What is the greatest common factor of 252778 and 84822?
422
What is the greatest common factor of 1375005 and 174375?
465
Calculate the highest common divisor of 4 and 17145793.
1
What is the greatest common divisor of 24 and 2889392?
8
What is the greatest common factor of 27074556 and 25938?
2358
Calculate the highest common factor of 18500 and 595515.
185
Calculate the highest common factor of 7 and 870040486.
7
What is the highest common factor of 3127 and 244701?
53
Calculate the greatest common divisor of 263749229 and 6235.
1247
What is the greatest common factor of 8322508 and 1057472?
5084
Calculate the highest common divisor of 9 and 6616515.
3
What is the highest common divisor of 34770 and 401755?
95
Calculate the greatest common divisor of 426254 and 1340.
134
Calculate the greatest common divisor of 1245 and 60600.
15
What is the highest common factor of 123 and 41529?
3
Calculate the greatest common divisor of 8604 and 19951242.
1434
Calculate the highest common divisor of 4658850 and 85.
85
What is the greatest common factor of 35 and 33971511?
7
Calculate the highest common divisor of 37493296 and 85.
17
What is the highest common factor of 26380 and 460360?
20
What is the greatest common divisor of 3817674 and 882?
126
What is the greatest common factor of 249281947 and 1321?
1321
Calculate the highest common divisor of 57 and 151873023.
57
Calculate the highest common divisor of 18069952 and 32.
32
Calculate the highest common factor of 7687644 and 72792.
4044
What is the greatest common factor of 3652605 and 275?
55
Calculate the highest common factor of 172053 and 10458.
63
What is the highest common factor of 11242 and 773388?
154
What is the greatest common divisor of 2286973 and 423?
47
What is the highest common factor of 80910 and 53071566?
5394
Calculate the highest common divisor of 3770 and 11360323.
13
Calculate the greatest common divisor of 94121833 and 892.
223
Calculate the greatest common divisor of 319 and 113728329.
11
Calculate the highest common factor of 202573 and 1637741.
301
Calculate the highest common divisor of 2896684 and 3332.
196
What is the greatest common divisor of 391 and 1276207578?
391
Calculate the highest common factor of 21446490 and 6240.
390
Calculate the greatest common factor of 19 and 96151647.
19
What is the greatest common divisor of 3243 and 26410992?
3243
What is the highest common factor of 190 and 109616244?
38
What is the greatest common factor of 26390 and 203749?
91
What is the highest common factor of 52275856 and 65792?
4112
What is the highest common factor of 7953362 and 76?
38
What is the greatest common divisor of 675 and 7462935?
135
Calculate the highest common factor of 5 and 287066610.
5
Calculate the highest common divisor of 1228284 and 799.
17
What is the highest common divisor of 1389630 and 2190?
30
What is the greatest common factor of 49915824 and 2544?
2544
What is the highest common factor of 3813138 and 23002?
742
Calculate the greatest common divisor of 715 and 5226520.
65
Calculate the highest common factor of 16 and 12507556.
4
Calculate the highest common divisor of 103548665 and 385.
55
Calculate the highest common divisor of 39848334 and 2775.
111
What is the greatest common divisor of 4112 and 3189113?
257
What is the highest common divisor of 341 and 2399307?
31
What is the greatest common divisor of 3743020 and 45?
5
What is the highest common divisor of 2310 and 3626040?
330
What is the highest common divisor of 913220 and 13013?
77
Calculate the highest common factor of 676 and 4027868.
52
What is the highest common factor of 1048176 and 7888?
464
Calculate the greatest common divisor of 612765 and 9879.
267
Calculate the highest common factor of 24379412 and 1704.
284
Calculate the greatest common divisor of 2015 and 11644815.
65
Calculate the greatest common divisor of 954 and 50770078.
106
Calculate the highest common factor of 154818 and 58752.
54
Calculate the highest common divisor of 387061302 and 1842.
1842
What is the greatest common factor of 4564150 and 880?
10
Calculate the highest common factor of 465842 and 208.
26
What is the highest common divisor of 7921 and 67818?
89
Calculate the greatest common divisor of 21780 and 14315510.
1210
What is the greatest common factor of 6612 and 1540944?
348
What is the highest common divisor of 10775890 and 10?
10
What is the highest common factor of 564 and 1070802692?
188
What is the greatest common divisor of 3318 and 1261575?
21
What is the highest common factor of 1137616 and 19791?
733
Calculate the greatest common divisor of 80495 and 90831505.
4735
Calculate the greatest common factor of 5525 and 18943925.
325
Calculate the highest common factor of 15801 and 8853.
3
Calculate the greatest common divisor of 297238 and 3752878.
662
What is the highest common divisor of 421 and 49328?
1
Calculate the greatest common divisor of 1287 and 292435.
143
What is the greatest common divisor of 3215 and 40851719?
643
Calculate the greatest common divisor of 25519200 and 5952.
2976
Calculate the greatest common divisor of 5869926 and 132966.
1494
What is the highest common divisor of 35 and 12020230?
5
Calculate the greatest common divisor of 92070 and 45105.
465
What is the greatest common divisor of 351728 and 9594200?
712
What is the greatest common divisor of 84 and 201949356?
84
What is the greatest common factor of 203136 and 5584653?
1587
Calculate the highest common divisor of 16 and 6185848.
8
What is the greatest common factor of 43877 and 656642?
1513
What is the greatest common factor of 71 and 1746904093?
71
What is the greatest common factor of 2305 and 3128735?
5
Calculate the highest common divisor of 10953906 and 7482.
258
What is the greatest common divisor of 4516929 and 80319?
123
What is the greatest common factor of 1542 and 262824?
6
What is the greatest common divisor of 77903 and 8616?
359
Calculate the highest common divisor of 1818 and 6884100.
18
What is the greatest common factor of 21248 and 3448816?
1328
What is the greatest common divisor of 2805269 and 1868?
467
Calculate the greatest common factor of 9465 and 285315.
15
What is the greatest common divisor of 18 and 22851?
9
What is the highest common facto